 of s?
5
Let r(i) = i**3 + 29*i**2 - 65*i - 6. Let v be r(-27). Suppose v = 3*q + u, q - 1042 = u + 31. What is the thousands digit of q?
1
Let l be 8/(2 + 0*(-1)/(-3)). Suppose -l*g + 1448 = 4*t, -3*g = -4*t + 287 + 1126. What is the tens digit of t?
5
Let x(q) = 217*q**2 - 8*q - 3. Let y be x(-8). What is the tens digit of (-10)/8 + y/116?
1
Let a be 119/85 + 6/10. Suppose a = u - 8. Suppose -1465 = -u*g - 245. What is the units digit of g?
2
Suppose 2*v + 7 = 3*h - 1, 3*h = 5*v + 2. Suppose 3*g = -7 + 13. Suppose 5*i + z = v*z + 275, g*z = 5*i - 275. What is the tens digit of i?
5
Let z(u) = u**2 - 6. Let v be z(3). Let c(j) = -j**3 - j**2 + 2*j + 4. Let s be c(v). What is the units digit of (s/(-4))/(2/24)?
8
Let y(d) = d**3 + 8*d**2 - 15*d - 41. Let b be y(-9). What is the hundreds digit of b*2*159/6?
6
Let a = -26 + 16. Let v(f) = f**3 + 16*f**2 + 12*f + 9. Let x be v(a). What is the tens digit of (16/6 + -3)/((-1)/x)?
6
Let y = 240 + -66. Suppose -8*j - y = -2*j. Let r = 37 - j. What is the tens digit of r?
6
Let j(q) = -1117*q + 6762. What is the units digit of j(-14)?
0
Let u be ((-4)/(-12) + 0)/((-4)/(-48)). Suppose 4*g + u*i - 692 = 0, -g + i + 4*i + 161 = 0. What is the hundreds digit of g?
1
Let a(z) = -z + 8. Let p be a(4). Suppose 3*o - 1262 = -5*g, 3*g - 1694 = -p*o + 2*g. Suppose -425 = -3*l - w, -o = -4*l + l - 2*w. What is the tens digit of l?
4
Let o(m) = -2034*m - 551. What is the tens digit of o(-2)?
1
Suppose 15 = 4*l - u, -2*l + 5*u = -7*l. Let v = -2620 - -2638. Suppose l*k - v = k. What is the units digit of k?
9
Suppose -131*z = -5*z - 298872. What is the units digit of z?
2
Suppose -2*y + 5*r - 783 = 0, -r + 5*r = 4*y + 1548. Let z = 111 - y. What is the tens digit of z?
9
Let f(b) = b**3 + 9*b**2 + b + 14. Let i be f(-9). Suppose 68 + 797 = o - i*k, 2510 = 3*o + 2*k. What is the hundreds digit of o?
8
Let s(o) = 77*o**2 + 4*o - 1. Suppose 13*u = 9*u - 12. Let a be s(u). Suppose -2*p = -10*p + a. What is the tens digit of p?
8
Let s = -162 - 1926. Let z = s + 2942. What is the units digit of z?
4
What is the tens digit of (-348)/783 + 1732/9?
9
Let d = 10 - 12. What is the tens digit of (7/d)/((-17)/1734)?
5
Let d be 5/(50/(-10455))*(-4)/3. Suppose -5*t - 3*i - 1353 + 4859 = 0, -2*t = -3*i - d. What is the hundreds digit of t?
7
Let m be 634/(-8) - 60/80. Let c = 86 + 70. Let j = m + c. What is the units digit of j?
6
Let h = -4199 - -7040. What is the units digit of h?
1
Suppose -5*h - 735*o + 343804 = -734*o, h + 4*o = 68795. What is the hundreds digit of h?
7
Suppose -5*v = -40, 104991 = 3*y - 21*v + 24*v. What is the tens digit of y?
8
Suppose 41927 + 208713 = 26*w. What is the thousands digit of w?
9
Let r(j) = -j + 2. Let w(t) = -3*t - 5. Let b(d) = -3*r(d) - w(d). Let m be b(1). What is the tens digit of (-94)/m*(-8 - (-1 - 2))?
9
Let h(d) = -d**2 - 24*d - 3. Let r be h(-24). Let l(g) = -35*g + 22. What is the tens digit of l(r)?
2
Suppose 34*j = 36*j + 11472. What is the hundreds digit of j/(-10) - (-6)/15?
5
Let r = -4764 + 10420. What is the hundreds digit of r?
6
Suppose -200*c + 153*c + 257165 = -86123. What is the hundreds digit of c?
3
Let j = -291 - -265. What is the hundreds digit of (1 + -755 - 0)*13/j?
3
Suppose 8*l = 7*l. Let a be -1 - (0 + l - -2). Let j(f) = -4*f**3 - f**2 + 9*f + 5. What is the units digit of j(a)?
7
Let m be -5*(-5 - (-16)/4). Suppose 0 = 3*p - m*y + 9, -2*y = 0. Let l(a) = -20*a + 28. What is the units digit of l(p)?
8
Let y(g) = -14*g**3 - 112*g**2 - 86*g + 38. What is the thousands digit of y(-17)?
7
Let v(m) = 24*m + 25. Let d(i) = -48*i - 49. Let u = 32 - 39. Let p(n) = u*v(n) - 4*d(n). What is the hundreds digit of p(6)?
1
Let g(s) = -14321*s - 594. What is the ten thousands digit of g(-2)?
2
Suppose -4*x - 30 + 90 = 0. Suppose -7*a - 1920 = -x*a. What is the hundreds digit of a?
2
Let h(u) = 1793*u + 6823. What is the tens digit of h(6)?
8
Let b = -34 + 39. Let m be 203/b + (-18)/(-45). Let g = m - 31. What is the units digit of g?
0
Suppose 14*y = 17*y - 5328. Suppose 15*u = 3*u + y. What is the tens digit of u?
4
What is the tens digit of -26311*17/(-51)*(0 + (-3 - -6))?
1
What is the thousands digit of (-258)/172 + 7234/4?
1
Suppose 4 - 5 = -g - 2*b, 0 = -g + 5*b + 15. Suppose -g*a - 48 = -7*a. What is the units digit of (90/a)/(3/16)?
0
Suppose -20*r + 31783 = -95377. What is the units digit of r?
8
Let d(r) = 1410*r - 714. What is the hundreds digit of d(7)?
1
Let i = 63 - 24. Let f(d) = -2*d + 16. Let n be f(15). Let w = i + n. What is the tens digit of w?
2
Let z = -76 - -59. Let j be z/(34/4) - (-115)/1. Let q = j + -73. What is the tens digit of q?
4
Let h be (-4)/(-6) + 10184/(-57). Let n = h - -343. What is the hundreds digit of n?
1
What is the tens digit of (24/3 - -1862) + 85/(-17)?
6
What is the thousands digit of (-1)/(-3) + -13655*((-52)/12 - -4)?
4
Let v(q) be the third derivative of q**5/15 + 9*q**4/8 + 37*q**3/3 - 142*q**2. What is the thousands digit of v(-22)?
1
Let c = 97210 - 68184. What is the tens digit of c?
2
What is the tens digit of -3*(-145790)/555 - (-20)/(-370)?
8
Let f be (-1 + -1)/((-10)/15). Suppose -f*g = g + 20. Let x(t) = 4*t**2 + 10*t - 3. What is the tens digit of x(g)?
4
Let r be (-11265)/(-12) + -3 + (-57)/76. Let l = r - 433. What is the tens digit of l?
0
Let a = -675 - -2329. What is the thousands digit of a?
1
Suppose -4347 = 3*o - 3*b, -2*o + 466 = -b + 3362. Let x = o - -2662. What is the units digit of x?
5
Let i(m) = 14*m - 17. Let g be i(-5). Let x(d) = -229*d**3. Let a be x(1). Let p = g - a. What is the tens digit of p?
4
Suppose 2*n + w - 6 = -w, 9 = 5*n - w. Suppose 2*f = f - n*f. Suppose -5*x = 2*v - 273, f*v - v + 4*x + 143 = 0. What is the tens digit of v?
3
Suppose -c - 3*r = -6903, 4*c - 19007 - 8605 = -r. What is the tens digit of c?
0
Let a(n) = 4*n**2 + 4*n + 16. Let q be a(-3). Suppose -103 = -s + q. What is the hundreds digit of s?
1
Let y be 6 + 4/(-3)*3. Suppose y*j = -3*j + 245. What is the units digit of j?
9
Let h = -23 - -28. Suppose 4*j = -2*l + 7*l - 162, 3*l - h*j = 105. Suppose l = c - 52. What is the units digit of c?
2
Suppose -3*k - 702 = 3*k. Let w = 192 + k. Suppose 0 = -2*o - 4*c + 126, -o = -c - 0*c - w. What is the units digit of o?
1
Suppose 4*m - 3376 = -n, 6*n - 5*m = 10*n - 13471. What is the tens digit of n?
6
Suppose 9*n = 18*n - 35802. What is the tens digit of n?
7
Let b = -9 - 4. Let v = b + 49. What is the units digit of v?
6
Let m(y) = 12*y**2 + 2*y + 31. Let r(n) = 5*n**2 + n + 16. Let x(s) = -3*m(s) + 7*r(s). What is the tens digit of x(0)?
1
Suppose 23*l + 15515 = -17099. Let b = -994 - l. What is the hundreds digit of b?
4
Suppose 210 + 1694 = 8*k. Let w = -27 + k. What is the units digit of w?
1
Suppose 18*n - 12*n + 1332 = 0. Let s = 626 + n. What is the tens digit of s?
0
Let o(h) = -593*h - 226. What is the hundreds digit of o(-21)?
2
Let t be 17 + (-3 - 24/(-4)). Let d = t + -17. Suppose d*n + 372 = 7*n. What is the units digit of n?
3
What is the thousands digit of ((-4)/50 - (-24)/300) + 3933?
3
Suppose 770942 = 32*t - 151266. What is the hundreds digit of t?
8
Let w(j) = j**2 + 14*j + 2. Let f be w(-14). Let q be f/(-5 + 6) - (-1 + 0). Suppose -3*m = q*r - 438, m = 2*m - 5*r - 122. What is the tens digit of m?
4
Suppose 11*d - 8*d + 12 = 0, -5*r + 2*d - 2 = 0. What is the units digit of (-3 - r)*(-67 - -24)?
3
Let p(r) = r**3 - 13*r**2 + 23*r - 24. Let t = -4 + 15. Let j be p(t). Let x(o) = o**2 + 8*o + 30. What is the tens digit of x(j)?
9
Let o(i) = 28*i**3 - 6*i**2 + 3*i - 7. Let t be o(4). Suppose -4*x + 2614 = -a - 793, -a = -2*x + t. What is the tens digit of x?
5
Let b be 4/(-96)*-16 + (-4)/(-3). Suppose -3*k = -b*m + 2485, -16*m = -14*m - k - 2491. What is the tens digit of m?
4
Suppose 3*x - 2*f = 18, -4*x + f + 22 = -f. Suppose 0 = -9*w + x*w + 630. What is the hundreds digit of (-12 + 14)/(w/(-128) - -1)?
1
Let q(r) = -18*r + 2846. What is the tens digit of q(-18)?
7
Let u = 129 - 89. Suppose 13*p + u = 21*p. Suppose -y - l + 28 = -23, p*y + 3*l = 263. What is the tens digit of y?
5
Let o(a) = -a**2 - 7*a + 4734. Let n be o(0). Let m be 5/(-2)*n/(-45). Suppose 5*p = 402 + m. What is the tens digit of p?
3
Let l(n) be the second derivative of 0*n**2 